- (4 + -21 + -2)?
29
Evaluate -3 + (8 + -10 - -5) + 8 + 7.
15
What is 8 + -4 + 4 - (-21 - -4 - -5)?
20
-2 - (12 + -16 - 4) - (3 + 0)
3
What is 0 - ((13 - -8) + -9)?
-12
-2 - ((8 - (1 + 1 + 4)) + -6)
2
Calculate 74 - 86 - (2 - (1 - -3)).
-10
Evaluate 1 - (16 + (13 - (-12 - -24))).
-16
Calculate -1 + (-5 + -9 - -4) + -1.
-12
0 - 18 - (1 + (-2 - -10) + -16)
-11
Calculate (-1 - -4) + -40 - (-26 - (-12 - 3)).
-26
Calculate 7 - (-2 + 9 + -7 + 5).
2
(-4 - -2) + (7 - (-17 + 5 + 5))
12
What is the value of 39 + (3 - (51 + -25))?
16
What is the value of (-12 - -2 - 1) + 26?
15
What is 4 + -5 + 25 + (12 - (-8 + 24))?
20
What is -30 + 11 + -3 + 55?
33
Calculate (-16 - (-29 - 13)) + -7.
19
What is (3 - (-18 + 15)) + -12?
-6
(8 - (-6 - -5)) + -7
2
-1481 - -1441 - (1 - ((16 - 1) + -3))
-29
What is 22 - (-6 + 1) - 13?
14
What is 4 + -5 + -6 - (106 + -80)?
-33
Calculate -20 + 22 - (13 - -1).
-12
What is the value of -6 + ((-15 - -18) + -4 - (8 + -1))?
-14
What is the value of 3 - -1 - ((-23 - -24) + (-1 - -3))?
1
What is (-3 - 3) + 5 + -12 + 26?
13
Evaluate 1 - -28 - (767 + -733).
-5
What is the value of (-1 - 1) + (-7 - (-18 + 14 + -3))?
-2
Calculate -15 - (-16 - (14 - 26)).
-11
What is -3 + (-4 - (-1 - 4)) + -8?
-10
Evaluate 11 - ((3 - 18) + 4).
22
What is the value of (6 - -1) + -3 + -12 + 13?
5
Calculate (-17 - 1) + (184 - 180).
-14
What is the value of 299 + -297 + -4 + 1?
-1
What is the value of -5 - ((8 - 13) + -11)?
11
Calculate 4 - (31 + -46) - 0.
19
-3 - (-4 - (2 - 4)) - 0 - 22
-23
What is the value of 7 - (-13 - (1 - 19))?
2
What is 3 + -4 - (3 + 32 + -37)?
1
What is (-352 - -381) + (-56 - -1)?
-26
Evaluate -16 - (-10 + 9) - (5 + -3 - 5).
-12
What is 24 - (0 + (-1 - 9 - -8))?
26
What is 4 + 5 + -13 + 10 - -2?
8
Calculate 26 + -29 + 9 - 12.
-6
Calculate (1 - (-3 - 6)) + (0 - 1) - 5.
4
What is -95 + 112 + (-55 - 0)?
-38
-6 - (-24 + -14 + 33)
-1
What is (-4 - (3 + -5 + -1 + 2)) + 35?
32
Calculate -18 + -22 + -37 + 57.
-20
27 - 51 - (-14 + -5)
-5
What is the value of 9 - ((24 - (-6 + 13)) + -14)?
6
What is the value of -2 + 0 - (28 + -24 + -10)?
4
-6 + 3 + -8 - (13 - 11)
-13
Calculate -54 + 41 + (2 - 1) + 9.
-3
Calculate 2 + (18 - (-2 + 13)) + -20.
-11
Calculate -9 - (-43 - -52 - (-6 - -2 - -45)).
23
What is (-29 - -21 - -10) + 10?
12
What is the value of (6 - (4 - 2)) + (-18 + 12 - 11)?
-13
What is the value of -19 + -7 + -22 + 54?
6
What is the value of (1 - 3) + (-3 - -15) - (-498 + 531)?
-23
Evaluate (1 - (-7 + 4) - 0) + 0 + -1.
3
Calculate -130 + 120 + (-1 + -4 - (0 + -1)).
-14
Evaluate (1 - -2) + (13 - 27) + 15 + -8.
-4
What is 1 + (3 + -8 - (1 + 2))?
-7
Calculate 224 - 216 - (-4 + 0).
12
-1 - ((2 - (33 + -24)) + -1 + 25)
-18
What is -11 + (-6 - -17) + 8?
8
Evaluate 4 + -10 + (7 - -1) + 2.
4
What is 12 + -28 - -21 - (15 - (-2 - -2))?
-10
1 + 16 + -18 + (0 - 1) + 9
7
What is (14 - 15) + 6 + 0 + -2 - 20?
-17
What is -26 + (14 + 27 - 33)?
-18
Calculate 25 - (-37 + 22) - 19.
21
10 - ((20 - 19) + 31)
-22
Evaluate (-2 - -6 - -10) + -11 - (-3 - -1).
5
Calculate 0 - (0 - (7 + -2)).
5
Evaluate -8 + -1 - (2 + -10) - -12.
11
Calculate 26 + (6 - (-12 + 37)).
7
-5 - (-1 - (3 - 0)) - (-19 + 13)
5
Evaluate -78 + 101 - (19 - 0).
4
(3 - (-24 + 1 + 12)) + -8
6
What is the value of -29 + 76 - 76 - 1?
-30
Evaluate (21 - (12 - 13)) + 18 - (9 + -1).
32
What is -17 - -31 - (-10 + 6)?
18
Evaluate -5 - ((-1 - -6) + -5 + -12 + -1).
8
What is 2 + -3 + 19 + (-13 - -6)?
11
What is 25 - 45 - (-18 - 2)?
0
What is 8 - 4 - (-18 + 4 + (5 - 4))?
17
7 + (-12 - -2) - (-8 - 1)
6
Calculate 88 + -78 - (3 + (-5 - -1) + -4).
15
What is the value of -42 + 35 + 19 + (-1 - 6)?
5
26 - (21 + 0 + 34 + -46)
17
What is -10 - (-13 + -8) - (27 - 1)?
-15
Calculate -5 + 16 + -2 - -6.
15
Evaluate (-2 + (-13 - -8) - -2) + 9 - 21.
-17
What is the value of 153 - 144 - (0 - 4) - 22?
-9
What is -5 + 1 + (-3 - 23) + 9 + 1?
-20
Evaluate 6 + -7 + -3 + -4 + 3.
-5
What is the value of 20 + 1 + (8 - -6 - 22) - -9?
22
Evaluate -21 + 0 - -32 - 21.
-10
Evaluate 8 + -5 - ((2 - 5) + 0 + -3).
9
What is the value of 21 + 11 + -38 + -7 + -2 + 3?
-12
What is the value of -1 + (1 + 5 - 1) + -5?
-1
What is the value of (6 - (9 + -5)) + -10 - 1?
-9
Evaluate 2 + -1 - (-7 + -4 - (-16 + 9)).
5
Evaluate 20 - (3325 + -3323 - (0 - (5 - -1))).
12
Calculate 2 + (-6 - (-5 + 0 - -4)) + -9.
-12
(1 - 9) + -26 + 26 + 7
-1
What is the value of -5 + 1 - ((-5 - (3 - -3)) + 6)?
1
Evaluate -9 + 22 + (-2 - -11 - 29).
-7
Evaluate 6 - (-8 - (0 - -8 - 28)).
-6
What is 19 - (-8 + 2 + 12 + 10)?
3
What is the value of 19 - (-35 + 24) - ((-1 - 3) + -2)?
36
(0 - -8) + (-18 - 38 - -52)
4
What is the value of 172 - 176 - (-3 + 7)?
-8
What is 11 + (-3 - -8) + 5 - (5 + -3)?
19
(17 - 6) + -18 + -7 - 7
-21
Calculate -11 - (-41 + 28) - (-4 - -1).
5
Calculate -90 + 91 + (-9 - 3).
-11
-3 + 3 + -10 - (53 - 54)
-9
(13 - -7) + 30 + -36
14
What is the value of 0 + 8 + -5 - 7?
-4
What is -34 + 26 + 6 + -11 + 3 - 23?
-33
What is the value of (-15 - 5) + 19 - -3?
2
150 - 166 - (-47 + 2)
29
What is 4 - (-41 + 12 + 18)?
15
1 + 23 + -72 + (-85 - -171)
38
Calculate 11 + -8 + -7 + -14.
-18
What is the value of (-1 - 3) + (-1 - (10 - (0 - -4)))?
-11
Evaluate -12 - -11 - -8 - -2.
9
What is -206 + 205 + (0 - -4)?
3
12 - (1 + (10 - (-3 + 7)) + 1)
4
What is 19 + -1 + (-1 + 1 - 8) - 10?
0
What is the value of 2 + 1 + (95 - 106)?
-8
1 - 24 - (-83 + 69)
-9
What is 3 + (-3 + -4 - (0 + -9))?
5
What is 3 - (-16 - (-9 + -3 + 2))?
9
What is (-1 - (-13 + 3)) + -11?
-2
-197 - -209 - (-1 - -1 - 2 - -7)
7
What is the value of -16 + (12 - (-3 + (-6 - -16)))?
-11
Calculate 6 + -1 + 27 + -1 - (-2 + 7).
26
-17 + 12 + (-7 + -3 - -4)
-11
What is the value of 62 + -44 + 2 + (2 - 14)?
8
What is the value of 202 + -188 + (-53 + 2 - 2)?
-39
What is 21 + 10 + -19 + (-2 + 1 - 0)?
11
Calculate 32 - 8 - ((-7 - -22) + -5).
14
Evaluate (0 - -16) + (2 - 8) - 6.
4
What is -399 - -388 - ((1 - 6) + -2)?
-4
What is the value of (4 - 2) + -2 + 10?
10
What is -27 + -13 + (-31 - -56)?
-15
Evaluate 12 + (31 - 44) + 7.
6
What is the value of 0 + 14 - (40 + 45 + -40)?
-31
Calculate (-9 - (-11 + 9 + -4)) + -9 + 50.
38
Evaluate (-9 - -1) + 0 + 25 + (-509 - -515).
23
Calculate 2 + 4 + 5 + -2 + -1.
8
What is the value of -10 + -6 - (-13 - -3) - (3 - -1)?
-10
What is the value of (-27 - 7 - -1) + -33 + 43?
-23
Evaluate 21 - (14 - 3) - (9 - 1).
2
-24 - -28 - (-2 + 10 + -1) - -5
2
Calculate 12 - (-1 - 1) - (2 + 1 - 0).
11
What is the value of -5 + 3 + (-1 - -9) - 3 - 11?
-8
Calculate 1 - (-17 - -16 - 1).
3
Evaluate -177 + 160 - (-23 + -1).
7
What is (-1 - 4) + (-7 - -5)?
-7
Evaluate (-65 - -8) + 22 + 32.
-3
-4 + -6 + 4 + 10
4
4 - 0 - (20 + -29)
13
What is -24 + (6 + (14 - 10) - 1)?
-15
(-4 - -2 - (46 - 15)) + -1 + 10
-24
Calculate -1 - (20 - 0 - (33 + -29)).
-17
-21 + 11 + -9 + -4 + -1 + -2
-26
Calculate (2 - 12) + 18 + (-17 - 7).
-16
Evaluate (-1 - (2 - 9)) + -11 + 9 - -6.
10
What is -6 - (-38 + 22) - 4?
6
Evaluate 19 - ((-6 - -4) + 3 + 3).
15
What is the value of 6 + -8 + (1 + 0 - (0 + -2))?
1
Evaluate -8 + 19 + -10 + 0 - -3.
4
What is (10 - (-6 - -8)) + (2 - 5) + -17?
-12
Evaluate (-20 - -19) + -10 + 20.
9
Evaluate 7 - 6 - (62 - 65).
4
Calculate -3 + -3 + -9 + 1 + 8 + -1.
-7
What is the value of -13 + -43 + 80 + -19?
5
What is the value of 2 + 2 + -7 + -12 + 26?
11
What is (1 - -4) + (-5 - 1) + (2 - -7)?
8
29 - 41 - -13 - 33
-32
13 + 4 - (37 - 27)
7
What is (1 + 19 - 2) + 15 + (-7 - 12)?
14
-3 - -6 - 3 - (-2 - (-2 - 1))
-1
14 - (-11 - -16) - -1
10
What is -2 - (-26 + 34 + -17)?
7
What is the value of 24 - (0 + 24) - (-3 + 26)?
-23
What is the value of 0 - (-5 + (-4 - (2 - 5))) - 2?
4
-25 + (16 - -12) - 27
-24
What is the value of (28 - 14) + 27 + -16?
25
-1 + -1 - (98 + 15 - 114)
-1
What is (31 - 9) + -32 - (0 + -9)?
-1
Calculate 6 + (0 - -3 - 6) - 6.
-3
What is the value of -13 - -2 - (-109 - -99)?
-1
Calculate 5 - (20 - (-10 + 21)).
-4
-1 + 9 + -1 - (-148 - -132)
23
Evaluate (13 - 0) + -7 + 4 + -2 + -9.
-1
What is the value of -8 - (5 + 14) - ((2 - 4) + 2)?
-27
What is -10 + (-8 - -17) + (-1 - 0) + -1?
-3
What is -35 + 21 - (2 - 6 - -5)?
-15
What is the value of 3 - (13 - -11 - 25 - (23 + 0))?
27
What is 14 + 1 - (-18 + 19 + 41)?
-27
Calculate -11 + 9 + 1 - -4.
3
Evaluate -27 + 28 - (-2 + -4).
7
What is the val